-1010
Convert -5 (base 13) to base 9.
-5
What is 26 (base 11) in base 13?
22
What is -4 (base 8) in base 15?
-4
What is -272 (base 8) in base 16?
-ba
Convert 110 (base 3) to base 10.
12
What is 13 (base 12) in base 4?
33
-72 (base 11) to base 5
-304
Convert -9 (base 12) to base 4.
-21
3 (base 11) to base 16
3
2 (base 13) to base 4
2
What is -2221 (base 5) in base 8?
-467
Convert -189 (base 10) to base 14.
-d7
-110 (base 13) to base 10
-182
-2d (base 14) to base 5
-131
What is 9 (base 10) in base 11?
9
-1 (base 14) to base 5
-1
346 (base 8) to base 15
105
Convert 4 (base 13) to base 7.
4
Convert -4 (base 11) to base 3.
-11
What is -10020 (base 4) in base 15?
-129
What is 0 (base 8) in base 11?
0
What is -a (base 16) in base 13?
-a
5 (base 12) to base 7
5
What is -10 (base 2) in base 15?
-2
Convert -12 (base 7) to base 2.
-1001
What is 7a (base 12) in base 16?
5e
What is -28 (base 9) in base 2?
-11010
Convert -b (base 15) to base 10.
-11
What is -20a (base 11) in base 15?
-11c
What is 4 (base 13) in base 6?
4
What is 1 (base 2) in base 13?
1
What is -3 (base 5) in base 4?
-3
Convert -15 (base 10) to base 4.
-33
Convert -17 (base 10) to base 2.
-10001
What is -421 (base 8) in base 9?
-333
Convert -38 (base 9) to base 6.
-55
What is 13 (base 5) in base 9?
8
What is 1011 (base 2) in base 12?
b
Convert 8 (base 16) to base 12.
8
What is 74 (base 12) in base 2?
1011000
Convert 0 (base 3) to base 2.
0
4 (base 7) to base 6
4
-131 (base 5) to base 8
-51
200 (base 10) to base 6
532
0 (base 13) to base 11
0
What is 9 (base 16) in base 15?
9
What is 42 (base 6) in base 13?
20
What is -4 (base 5) in base 15?
-4
-2311 (base 5) to base 14
-199
What is -19 (base 13) in base 2?
-10110
What is -19 (base 10) in base 12?
-17
What is 112 (base 4) in base 9?
24
What is 2 (base 13) in base 5?
2
Convert 114 (base 9) to base 7.
163
What is -1003 (base 4) in base 9?
-74
Convert 0 (base 11) to base 15.
0
What is -1 (base 8) in base 14?
-1
-18 (base 10) to base 11
-17
11 (base 2) to base 13
3
Convert -1 (base 8) to base 11.
-1
What is 11011011 (base 2) in base 14?
119
Convert -43 (base 10) to base 5.
-133
What is 15 (base 14) in base 16?
13
Convert -10 (base 5) to base 6.
-5
10 (base 16) to base 2
10000
What is -20 (base 13) in base 12?
-22
-10 (base 8) to base 2
-1000
What is -61 (base 11) in base 7?
-124
Convert -8 (base 16) to base 10.
-8
Convert -3 (base 14) to base 8.
-3
-1e (base 16) to base 15
-20
What is 5 (base 9) in base 12?
5
Convert -31 (base 10) to base 4.
-133
-a0 (base 14) to base 15
-95
0 (base 9) to base 8
0
What is 14 (base 5) in base 12?
9
101 (base 4) to base 8
21
What is 0 (base 15) in base 4?
0
-5 (base 13) to base 9
-5
What is 2 (base 8) in base 3?
2
6 (base 8) to base 10
6
Convert -119 (base 12) to base 13.
-c9
What is 2123 (base 4) in base 5?
1110
-10 (base 2) to base 14
-2
Convert -100 (base 4) to base 9.
-17
16 (base 8) to base 3
112
1 (base 14) to base 6
1
What is 1032 (base 6) in base 2?
11101100
Convert 17 (base 8) to base 2.
1111
Convert -30 (base 14) to base 4.
-222
-200 (base 3) to base 13
-15
2012 (base 5) to base 6
1105
What is 14 (base 14) in base 11?
17
-4 (base 16) to base 9
-4
What is -150 (base 9) in base 8?
-176
Convert 0 (base 14) to base 6.
0
-44 (base 6) to base 15
-1d
What is 4 (base 16) in base 3?
11
-2 (base 11) to base 3
-2
What is -12 (base 5) in base 9?
-7
11 (base 2) to base 9
3
Convert -5 (base 7) to base 11.
-5
Convert 7 (base 12) to base 4.
13
Convert 1 (base 4) to base 7.
1
Convert 12 (base 9) to base 6.
15
Convert 11100 (base 2) to base 3.
1001
Convert 321 (base 6) to base 8.
171
-10 (base 9) to base 13
-9
What is -6 (base 13) in base 6?
-10
Convert 5 (base 9) to base 7.
5
Convert 5 (base 16) to base 10.
5
What is -10 (base 3) in base 15?
-3
45 (base 8) to base 9
41
What is -2 (base 8) in base 6?
-2
1042 (base 5) to base 11
124
-1 (base 3) to base 13
-1
20 (base 9) to base 7
24
Convert 6 (base 10) to base 7.
6
111 (base 4) to base 3
210
10 (base 12) to base 16
c
What is 6 (base 10) in base 12?
6
Convert 1 (base 6) to base 9.
1
Convert 13 (base 11) to base 10.
14
Convert 1 (base 3) to base 14.
1
-12121 (base 3) to base 7
-304
What is 35 (base 8) in base 2?
11101
What is 23 (base 5) in base 12?
11
24 (base 7) to base 12
16
Convert 30 (base 15) to base 16.
2d
-151 (base 9) to base 16
-7f
0 (base 2) to base 4
0
c (base 16) to base 9
13
11 (base 15) to base 5
31
What is 101 (base 2) in base 16?
5
What is 17 (base 12) in base 15?
14
What is 2 (base 14) in base 7?
2
-1 (base 12) to base 5
-1
e (base 16) to base 2
1110
12 (base 8) to base 2
1010
What is -133 (base 7) in base 15?
-4d
Convert -32 (base 11) to base 12.
-2b
What is -4 (base 5) in base 12?
-4
Convert 10111 (base 4) to base 6.
1141
-58 (base 16) to base 2
-1011000
Convert -100 (base 3) to base 11.
-9
Convert 131 (base 5) to base 6.
105
Convert 7 (base 12) to base 5.
12
180 (base 10) to base 5
1210
Convert 10 (base 10) to base 4.
22
Convert -11 (base 9) to base 3.
-101
Convert 3 (base 4) to base 14.
3
Convert -126 (base 9) to base 2.
-1101001
Convert -2102 (base 3) to base 10.
-65
32 (base 5) to base 8
21
120 (base 3) to base 12
13
Convert 171 (base 12) to base 2.
11100101
-1010 (base 2) to base 13
-a
What is 5 (base 15) in base 8?
5
-20 (base 14) to base 9
-31
Convert -10 (base 2) to base 12.
-2
0 (base 10) to base 11
0
What is -6 (base 13) in base 15?
-6
-4 (base 6) to base 2
-100
Convert -2 (base 14) to base 5.
-2
103 (base 12) to base 13
b4
Convert -10110 (base 2) to base 3.
-211
What is -14 (base 9) in base 14?
-d
-4 (base 16) to base 9
-4
What is 65 (base 8) in base 2?
110101
156 (base 10) to base 9
183
Convert -c (base 13) to base 6.
-20
Convert 1 (base 5) to base 9.
1
Convert 11 (base 12) to base 8.
15
What is -42 (base 14) in base 6?
-134
What is -a (base 13) in base 10?
-10
-502 (base 7) to base 9
-304
What is -25 (base 8) in base 6?
-33
What is 4 (base 12) in base 4?
10
Convert 0 (base 16) to base 5.
0
What is 14 (base 14) in base 3?
200
Convert -102 (base 8) to base 11.
-60
What is -8 (base 14) in base 6?
-12
2 (base 5) to base 6
2
0 (base 6) to base 4
0
0 (base 3) to base 11
0
Convert -2 (base 15) to base 12.
-2
-10100 (base 2) to base 8
-24
Convert -4 (base 10) to base 12.
-4
-7 (base 13) to base 14
-7
What is -4 (base 12) in base 14?
-4
What is 145 (base 6) in base 15?
45
Convert -122 (base 3) to base 13.
-14
What is -a6 (base 11) in base 15?
-7b
What is -6 (base 12) in base 9?
-6
What is -1 (base 12) in base 9?
-1
15 (base 11) to base 4
100
1011 (base 3) to base 4
133
What is -26 (base 13) in base 2?
-100000
51 (base 7) to base 9
40
c2 (base 16) to base 12
142
What is 7 (base 12) in base 6?
11
What is 4 (base 12) in base 15?
4
What is 20 (base 4) in base 15?
8
6b (base 16) to base 12
8b
Convert 20 (base 8) to base 9.
17
What is -4 (base 12) in base 16?
-4
-26 (base 11) to base 6
-44
201 (base 6) to base 9
81
-200 (base 5) to base 9
-55
What is -1 (base 5) in base 11?
-1
What is 2120 (base 3) in base 14?
4d
Convert -83 (base 13) to base 4.
-1223
What is 0 (base 13) in base 16?
0
Convert -3 (base 11) to base 7.
-3
Convert -d4 (base 14) to base 12.
-136
Convert -4 (base 11) to base 5.
-4
What is 40 (base 13) in base 8?
64
Convert 13 (base 15) to base 14.
14
Convert -30 (base 12) to base 8.
-44
What is 1 (base 2) in base 6?
1
63 (base 14) to base 9
106
Convert -4 (base 7) to base 15.
-4
7 (base 9) to base 5
12
20210 (base 3) to base 7
351
What is -11 (base 2) in base 4?
-3
2 (base 5) to base 14
2
What is -84 (base 14) in base 16?
-74
What is -2 (base 5) in base 3?
-2
What is -76 (base 12) in base 4?
-1122
101 (base 4) to base 6
25
Convert -7b (base 13) to base 9.
-123
What is -9 (base 11) in base 14?
-9
What is 0 (base 3) in base 5?
0
What is -4 (base 9) in base 12?
-4
-2320 (base 4) to base 10
-184
Convert -2 (base 7) to base 16.
-2
What is 3 (base 13) in base 2?
11
What is 10 (base 9) in base 11?
9
Convert -63 (base 15) to base 12.
-79
What is -20 (base 3) in base 12?
-6
-5 (base 6) to base 3
-12
-1 (base 16) to base 7
-1
Convert -5 (base 13) to base 2.
-101
What is 280 (base 10) in base 5?
2110
-11 (base 2) to base 16
-3
-5 (base 15) to base 5
-10
Convert -42 (base 5) to base 14.
-18
Convert 0 (base 2) to base 16.
0
What is -3 (base 11) in base 7